s 26 + 75?
a0
In base 3, what is 0 - 212?
-212
In base 7, what is 2 - -1135?
1140
In base 3, what is -10 + -112220?
-120000
In base 3, what is 110 + 112012?
112122
In base 2, what is -101 + -100010111?
-100011100
In base 16, what is b7a - -6?
b80
In base 2, what is -10000001110 - -10?
-10000001100
In base 7, what is -2411 + -2?
-2413
In base 12, what is -9 + 307?
2ba
In base 13, what is 6 + -bb?
-b5
In base 11, what is 5 - -a2?
a7
In base 6, what is -104 + 0?
-104
In base 8, what is 35 - 42?
-5
In base 4, what is 23 - 310?
-221
In base 11, what is -5 + 5?
0
In base 12, what is -1 + -47?
-48
In base 7, what is -6 + 0?
-6
In base 8, what is -23 - 366?
-411
In base 2, what is 10 - 1000100?
-1000010
In base 5, what is -3 + -14223?
-14231
In base 3, what is 12 - 12011?
-11222
In base 14, what is -18 + -b?
-25
In base 15, what is -4a + cd?
83
In base 3, what is -1122222 + 110?
-1122112
In base 7, what is -2 - -12140?
12135
In base 16, what is 2 - 2197?
-2195
In base 5, what is 10 + -2411?
-2401
In base 4, what is 30 - 12?
12
In base 9, what is 0 + -1003?
-1003
In base 6, what is 0 - -200?
200
In base 8, what is -1 + 174?
173
In base 11, what is -149 + 3a?
-10a
In base 4, what is -1 + 2303?
2302
In base 5, what is -3 + -132?
-140
In base 2, what is -100100010 - 0?
-100100010
In base 13, what is -299 + 10?
-289
In base 2, what is 1011000101 - 100?
1011000001
In base 10, what is 0 + 17?
17
In base 14, what is -d5 + 7?
-cc
In base 13, what is -6 + 6ac?
6a6
In base 6, what is -20 + -4?
-24
In base 9, what is -147 - -2?
-145
In base 7, what is -12 - 162?
-204
In base 14, what is -66 + 5?
-61
In base 7, what is -5 - -1235?
1230
In base 4, what is -20 - 31?
-111
In base 4, what is -2 + -100?
-102
In base 4, what is 1 + 3023?
3030
In base 14, what is 21 + cc?
10d
In base 10, what is 211 - 20?
191
In base 15, what is e + -3?
b
In base 4, what is -1301 - 0?
-1301
In base 10, what is -21 + 4?
-17
In base 5, what is 1401 + 31?
1432
In base 6, what is 11 - -14?
25
In base 8, what is -67 + 0?
-67
In base 13, what is -3 + c8?
c5
In base 9, what is -227 + 6?
-221
In base 5, what is 0 + 220?
220
In base 13, what is 5 + -26c?
-267
In base 10, what is 23 - 6?
17
In base 10, what is -510 + 2?
-508
In base 7, what is -2 + -14?
-16
In base 4, what is -11 - -31030?
31013
In base 7, what is -4 + 24?
20
In base 6, what is 245242 + -2?
245240
In base 12, what is -25 + 1b?
-6
In base 7, what is 1032 - 16?
1013
In base 2, what is 11 + -100001001?
-100000110
In base 3, what is -1000 + 20?
-210
In base 15, what is 8 + -510?
-507
In base 13, what is -4 - 11?
-15
In base 15, what is 14 - a?
9
In base 5, what is 3242 - 1?
3241
In base 16, what is 3b + e?
49
In base 11, what is -8a8 + -5?
-902
In base 5, what is -13343 - -41?
-13302
In base 13, what is 1 - -816?
817
In base 10, what is -332 + 5?
-327
In base 5, what is -4 + 21?
12
In base 5, what is -14 + 114?
100
In base 5, what is 10102 - -3?
10110
In base 16, what is -33 + -fa?
-12d
In base 7, what is 0 + 1323?
1323
In base 11, what is 168a + -4?
1686
In base 5, what is -343 - 110?
-1003
In base 14, what is b6c - -2?
b70
In base 15, what is -3b + -17?
-53
In base 12, what is -a + 81?
73
In base 7, what is -11 + 22?
11
In base 3, what is -20 + -22202?
-22222
In base 9, what is 4115 - -1?
4116
In base 12, what is -27a + 36?
-244
In base 11, what is 0 - -589?
589
In base 6, what is -353 - 40?
-433
In base 12, what is 3383 - 1?
3382
In base 7, what is 6236 - 5?
6231
In base 4, what is 10 - -2101?
2111
In base 12, what is 12468 - 0?
12468
In base 5, what is -1 - -4?
3
In base 13, what is b9 - -5?
c1
In base 11, what is 5a1 + 4?
5a5
In base 8, what is -3 + -5?
-10
In base 13, what is -1 + -64?
-65
In base 15, what is -a2 + -4?
-a6
In base 14, what is -3 - 19b?
-1a0
In base 10, what is -260 - -1?
-259
In base 5, what is -4 - -1412?
1403
In base 15, what is -10 - 19?
-29
In base 12, what is 10 + -22?
-12
In base 6, what is -3 + -25?
-32
In base 16, what is 39 + d?
46
In base 14, what is 5 - -89?
90
In base 9, what is 2 + 30?
32
In base 16, what is 5 + -18?
-13
In base 9, what is -54 - -434?
370
In base 3, what is -101 + 1?
-100
In base 3, what is 10122 + 2?
10201
In base 2, what is -100 - -10?
-10
In base 12, what is 1 + -34a?
-349
In base 6, what is 0 + 421?
421
In base 14, what is a0a + -2?
a08
In base 5, what is 43 + -220?
-122
In base 16, what is 4 + -10f?
-10b
In base 8, what is 0 + -723?
-723
In base 5, what is -12 - 104?
-121
In base 2, what is 100011011000 - 100?
100011010100
In base 11, what is 3 + 20a?
212
In base 8, what is -22 + -1345?
-1367
In base 5, what is -12 + 1223?
1211
In base 14, what is -1 - 229?
-22a
In base 2, what is -10110010101 + 10?
-10110010011
In base 4, what is -2001 - 1311?
-3312
In base 10, what is 615 - -34?
649
In base 5, what is -141124 - 3?
-141132
In base 6, what is 10 + 412?
422
In base 14, what is 5 - 403?
-3dc
In base 10, what is -5 + -552?
-557
In base 2, what is 100 + -1010101110?
-1010101010
In base 5, what is 1 + -1311?
-1310
In base 14, what is 5 - 45d?
-458
In base 7, what is -203424 - 4?
-203431
In base 6, what is -102 + 25?
-33
In base 12, what is 0 - 54?
-54
In base 3, what is -120122 - -12?
-120110
In base 6, what is 0 + 32?
32
In base 8, what is -5 - -31?
24
In base 10, what is 2 + 227?
229
In base 4, what is -3 - -33302?
33233
In base 8, what is 342 + 4?
346
In base 3, what is -1012 - -11?
-1001
In base 2, what is -1000110 + 10110?
-110000
In base 7, what is -560 - 4?
-564
In base 10, what is -4646 - 2?
-4648
In base 7, what is 151 - -16?
200
In base 16, what is 5 - 602?
-5fd
In base 14, what is 3 + a7?
aa
In base 3, what is 0 + 2012112?
2012112
In base 15, what is 0 + 2bb?
2bb
In base 8, what is 3 + -5610?
-5605
In base 7, what is 205 + 3?
211
In base 3, what is 101022211 + -2?
101022202
In base 10, what is 28 - -1?
29
In base 6, what is 33 + 40?
113
In base 15, what is 3 - -207?
20a
In base 9, what is -212 - -1?
-211
In base 7, what is -3554 - 4?
-3561
In base 12, what is -5 + 2b?
26
In base 3, what is 1 - 20221?
-20220
In base 6, what is 302 + 4?
310
In base 2, what is 1010000 + 111?
1010111
In base 7, what is -50 + -256?
-336
In base 2, what is 101 + 10000011?
10001000
In base 3, what is 1100 + 10?
1110
In base 2, what is -10 + 10000000?
1111110
In base 7, what is -5 + 4?
-1
In base 3, what is -10112 + -1000?
-11112
In base 16, what is 3d3 + -5?
3ce
In base 7, what is 1 + -4004?
-4003
In base 16, what is 24 - a?
1a
In base 13, what is 41c + -2?
41a
In base 2, what is -1000100000 + 101?
-1000011011
In base 8, what is -3 - -64?
61
In base 6, what is -14 - 2123?
-2141
In base 12, what is -3 - -7?
4
In base 10, what is 5 + -8?
-3
In base 12, what is -116 - 15?
-12b
In base 6, what is 0 + -1133?
-1133
In base 12, what is 8 + 2?
a
In base 15, what is -6 - -81?
7a
In base 6, what is 4 - 14?
-10
In base 4, what is -2 - 121?
-123
In base 9, what is -13878 + 0?
-13878
In base 16, what is -26d - 5?
-272
In base 5, what is -122 + -4?
-131
In base 10, what is -181 - 3?
-184
In base 13, what is 2 - 3a?
-38
In base 6, what is 43 - 102?
-15
In base 12, what is 4 - 46?
-42
In base 2, what is -10010 - 100100?
-110110
In base 7, what is -10 - -143?
133
In base 11, what is 8 - 318?
-310
In base 6, what is -15235 + 1?
-15234
In base 13, what is 2b68 + -1?
2b67
In base 7, what is 1 - -24314?
24315
In base 7, what is 563 - -4?
600
In base 2, what is -111111110 + -10?
-1000000000
In base 10, what is 222 + 2?
224
In base 13, what is -75 + 1b?
-57
In base 4, what is 310 - 102?
202
In base 16, what is 151 - -5?
156
In base 9, what is -108 - -12?
-86
In base 10, what is -3818 - -1?
-3817
In base 8, what is 735 + 3?
740
In base 15, what is 0 + -2?
-2
In base 8, what is 5 + -67?
-62
In base 2, what is 1011010 + -101?
1010101
In base 5, what is -41 + 4?
-32
In base 2, what is 1111101100101 - 10?
1111101100011
In base 3, what is -1 - -10121?
10120
In base 8, what is -3 - -3735?
3732
In base 9, what is 4 - 220?
-215
In base 9, what is 45 - 20?
25
In base 10, what is -15 + 9?
-6
In base 13, what is -297 - 2?
-299
In base 10, what is 2 + 2?
4
In base 13, what is -5244 - -3?
-5241
In base 2, what is -10111 - -11100110?
11001111
In base 3, what is 2211 + 101?
10012
In base 8, what is -740 + -10?
-750
In base 8, wh